ghest common divisor of 72 and t?
24
Suppose 71*u = 59*u + 2340. Let q = -2314 - -2470. Calculate the greatest common divisor of u and q.
39
Suppose 0 = -18*c - c - 19. Let v be (122 - -2) + (1 - 3*c). What is the highest common factor of 4 and v?
4
Let l(k) = -k**3 + 29*k**2 - 32*k + 8. Let n be l(28). Let b be -5 - (1 + n)*1. What is the greatest common factor of 21 and b?
7
Let h(p) = -p**3 + p + 112. Let w be h(0). Let s(m) = 2148*m - 27892. Let k be s(13). Calculate the highest common divisor of w and k.
16
Suppose 0 = -2*v - 19 + 25. Let m be 9/1*v/((-18)/(-16)). What is the greatest common divisor of 8 and m?
8
Suppose -2*n = -5*x + 530 + 170, -3*x = 5*n - 389. Suppose -4*o + 2*o = -8. Suppose o*j - 66 = x. What is the highest common divisor of j and 34?
17
Suppose 4*j + 191 = 2*u - 157, 5*u - 881 = -j. Let m(s) = 9*s**2 + 108*s + 16. Let x be m(-12). Calculate the highest common factor of u and x.
16
Let d = -58 - -83. Suppose -5*c - d = 0, 2*c + 245 = 5*b + c. What is the highest common factor of b and 384?
48
Let b be (5/10)/(10/(-9820)). Let f = b - -530. Let d be 353*1/1 + -2. What is the greatest common divisor of d and f?
39
Suppose -3*b + 37 = -4*p, p - 18 = -2*b + 2*p. Suppose -b*m = m - 1408. What is the highest common factor of m and 22?
22
Suppose -7*f = -126374 - 62704 + 16766. Calculate the greatest common divisor of f and 136.
136
Suppose 17 = -2*r + 13. Suppose 2*f - 19 + 7 = 4*d, -4*d - f - 12 = 0. Let y be (d + 1/((-1)/3))*r. Calculate the greatest common factor of 8 and y.
4
Suppose -2*p - 10 = -12. Let n be (p - 527/(-4)) + (-1)/(-4). What is the greatest common factor of n and 57?
19
Let t = -1103 - -679. Let x be (t/(-5))/(34/85). What is the greatest common divisor of 159 and x?
53
Let t = 89 - 45. Let i(m) = m + 40. Let w be i(4). Calculate the highest common factor of t and w.
44
Let g be -1 - ((-1442)/10 - 11/(-55)). Let i = 145 - g. Calculate the highest common factor of 7 and i.
1
Let v be (4/(-26))/(-1) + 5162/754. Let j be 565/v - 14/(-49). What is the greatest common divisor of j and 216?
27
Suppose 5*y = 5*h - 5460, -78*y + 74*y - 3276 = -3*h. Let a be h/12 - (1 - (6 + 0)). What is the greatest common factor of a and 72?
24
Let s(q) = 5 + 30*q + 9 + 13 - 34 + 34. Suppose 5*j - 42 = 3. Let i be s(j). Calculate the highest common divisor of i and 33.
33
Let c(t) = 3*t**2 - 9*t - 15. Let f(x) = -5*x**2 + 18*x + 32. Let g(o) = 5*c(o) + 2*f(o). Let s be g(-4). What is the greatest common factor of 15 and s?
15
Suppose -31743 = 32*m - 105727. Calculate the greatest common divisor of 34 and m.
34
Let y(o) = -3*o**2 + 69*o + 121. Let k be y(21). Calculate the greatest common factor of 76 and k.
19
Let s(u) = -42*u**2 + 1513*u - 32. Let a be s(36). Suppose 4*v + 11 = 91. Calculate the greatest common factor of v and a.
4
Let w(r) = r**2 - 62*r - 1012. Let a be w(76). Let o be 832/6*3*1. Calculate the greatest common factor of o and a.
52
Let n(k) = -k**3 + 6*k**2 + 8*k - 50. Let z be n(6). Let r be (12/18)/(z/(-150)). What is the greatest common factor of 150 and r?
50
Let w be -3 + ((-49)/7 - 6). Let o be 2/w*4*(-10 + -2). Suppose -6*z + 5*z + 66 = 0. What is the highest common divisor of z and o?
6
Let i = -2577 - -2676. Calculate the greatest common divisor of i and 27.
9
Let b(a) = -2*a**2 + 24*a - 59. Let x be b(10). Let w(k) = -k**2 - 20*k - 11. Let g be w(x). What is the highest common factor of 28 and g?
4
Let n(u) = 60 - 4*u + u**3 - u + 2153*u**2 + 2*u - 2152*u**2 + 0*u. Let h = -1 + 1. Let s be n(h). Calculate the greatest common factor of s and 15.
15
Let g be 160/12*(-3)/(-2). Let k be (-5)/g*-2*-4. Let z be 8/16 + (-97)/k. Calculate the greatest common divisor of z and 7.
7
Let n(a) = a**3 + a**2 - 5*a - 6. Let g be n(-2). Suppose h - 330 = -2*j - h, -2*j - 3*h + 326 = g. Calculate the greatest common factor of j and 13.
13
Let g(y) = 18*y**3 - 2*y**2 - 4. Let s be g(3). Suppose -51*x = 16*x - 8805 - 8602 + 15464. Calculate the greatest common factor of x and s.
29
Suppose 0 = 11*p + 63 + 1323. Let j be (p/(-15))/((-16)/(-40)). Calculate the greatest common factor of j and 14.
7
Let b(x) = 6*x**2 + 16*x - 4. Let y be 4*((-155)/20 - -7). Let m be b(y). Calculate the greatest common factor of m and 46.
2
Let b(d) = d**3 + 5*d**2 + d + 4. Let x be b(-4). Suppose 4*a + 2*n - 41 = -35, 4*n + 32 = 3*a. What is the highest common divisor of x and a?
4
Let d = 65168 - 65118. Suppose x = 5*x - 320. What is the highest common factor of d and x?
10
Let q be (218 + -8)/(-5)*(96/(-42) - 2). Calculate the greatest common factor of q and 11400.
60
Suppose -1386 = 32272*s - 32281*s. Calculate the highest common factor of 574 and s.
14
Suppose 5*y - 4*y - 97 = -5*a, 0 = 2*y - 2*a - 134. Let x = 524 - 434. Calculate the greatest common divisor of y and x.
18
Let h = 2445 - 2433. What is the highest common divisor of h and 75?
3
Let a = 85 - 75. Let w(f) = f**3 - 2*f**2 + 3*f + 2. Suppose -9 = -0*r - 3*r. Let k be w(r). What is the highest common divisor of a and k?
10
Let y(s) = -4*s**2 + s + 4. Let z be y(0). Let q(l) = l**3 - 3*l**2 + 5*l. Let m be q(z). Calculate the greatest common divisor of 324 and m.
36
Let r = -107 + 116. Let q = -130 - -220. What is the highest common divisor of r and q?
9
Let r = 157 - 149. Suppose -1 = d, 0*z + 2*d - 18 = -z. Calculate the highest common divisor of r and z.
4
Let t = -160 - -4264. Suppose -11*z + t = -1187. Calculate the greatest common divisor of 39 and z.
13
Let b be (-46)/10 + 24/(-60) - -1. Let s be (-1345)/b + (-2)/8. Calculate the highest common divisor of s and 42.
42
Let l be (1/2)/((-20)/(-680)). Suppose -d + 11 = -l. Suppose 26 = -v + d. What is the highest common factor of 16 and v?
2
Let b(d) = 49*d + 2 + 2 - 5. Let f be b(1). Suppose 2*u - 1224 = -15*u. Calculate the greatest common factor of f and u.
24
Let i(h) = -h**3 - 29*h**2 - 8*h - 26. Let j be i(-29). Let y = -188 + j. What is the highest common divisor of y and 198?
18
Let p(w) = -w**3 - 4*w**2 + 10*w. Let o be p(-5). Let t be 18*o*4/(-10). What is the greatest common divisor of 45 and t?
45
Let j(s) = 108*s**2 - 5*s - 4. Let n be j(-1). Suppose 0 = 33*k - 670 + n. Calculate the greatest common factor of k and 1173.
17
Suppose -54*a + 1634 = 21*a - 1066. Let u be (-3)/(-18)*4*-9. Let w(q) = -24*q. Let v be w(u). Calculate the greatest common factor of a and v.
36
Let p = 441 - 558. Let c be (p/(-26))/((-15)/(-20)). Suppose w = 3*g + g + 38, 0 = -5*w + 2*g + 154. Calculate the greatest common factor of c and w.
6
Let j be (-1)/(5614/(-1120) - -5). What is the greatest common factor of j and 64?
16
Let n(z) = 5*z**2 + 7*z - 22. Let m be n(-10). Let k = m + -405. Calculate the highest common factor of k and 303.
3
Suppose -q = -3*r + 3*q + 30, -5*r - 2*q = -24. Suppose -66 = -49*v + 27*v. Calculate the highest common divisor of v and r.
3
Suppose -3*x = -2*j - 254, -34 = 4*j - 42. Calculate the greatest common factor of x and 129.
43
Suppose -4*c = 8*d - 3*d - 48, -5*c - 2*d + 60 = 0. Let z be (c/7)/(9/42). What is the highest common factor of 136 and z?
8
Let k be 5/(-50) - ((-17)/(-68))/(5/(-3782)). Let l be (-27*3)/((-3)/2). What is the highest common factor of k and l?
27
Let v be ((-4)/(-22))/(((-34)/(-66))/17). Calculate the greatest common divisor of v and 14898.
6
Let v = -551 + 635. Suppose -5*g = 3*i - 21 - 83, 2*i + 5*g = 76. Calculate the highest common divisor of i and v.
28
Let d(o) = -2*o - 35. Let y be d(-19). Calculate the highest common divisor of y and 363.
3
Suppose 60*b - 3022 = -b + 64322. Calculate the greatest common divisor of 1058 and b.
46
Suppose -12*y - 780 = -0*y. Let s be 3144/10 + (-39)/y. What is the highest common divisor of s and 126?
63
Let u = 98 - 86. Suppose -u*j + 92 = -8*j. Calculate the highest common factor of 368 and j.
23
Let w be -3 - (-1 - -2 - 94). Suppose 2*j + j - w = 0. Let n be ((-42)/49 - -3)/(20/(-7) - -3). Calculate the highest common factor of n and j.
15
Suppose 3*q + 520 = 5*r, 105 + 103 = 2*r - 2*q. What is the greatest common factor of r and 260?
52
Suppose 370 = u + n - 2774, -2*u - 4*n = -6278. Calculate the highest common factor of 67 and u.
67
Let w be (56/22)/((-106)/(-899569)). Calculate the greatest common divisor of 14 and w.
14
Supp